d p?
363
Suppose -18*u = -20*u + 4. Suppose 0 = -4*r + 2*n + 30, -3*n = 3*r - u*n - 30. Calculate the greatest common divisor of 12 and r.
3
Let j = -172 + 490. Suppose 5*k - j = 3*y, y = 2*k + 3*y - 124. Suppose 0*x = -x + 21. Calculate the greatest common factor of k and x.
21
Let t = -1252 + 1506. What is the highest common factor of 3429 and t?
127
Let k = 433 - 383. Suppose -12*c + 19*c = 105. What is the greatest common factor of k and c?
5
Suppose 3*s = -5*t + 14 + 6, -5*s + 26 = t. Suppose 351 = 4*c + s*c. What is the highest common factor of c and 208?
13
Let g(q) = q**3 + 3*q - 10. Let k be g(4). Let s be 2/((-2)/(-5)*5). Let m be s + (-3 + 45 - -1). What is the greatest common divisor of m and k?
22
Suppose -4*k = 3*k - 350. Suppose 196*i = 588*i - 686000. Calculate the highest common divisor of i and k.
50
Let i be (24/14)/((-426)/(-3976)) - 7. Suppose -3*o = -g + 432, -g + 120 = -5*o - 600. Let q be o*(-6)/(-8)*-1. Calculate the highest common factor of q and i.
9
Suppose -7598*n - 1289 = -7612*n - 99. Let q(y) = -y**3 - 6*y**2 - 3*y - 1. Let t be q(-6). Calculate the greatest common factor of t and n.
17
Let y(a) = 16*a**3 - 18*a**2 + 47*a + 7. Let s be y(4). Calculate the greatest common factor of 49 and s.
49
Let l be 15*(-8)/(120/39)*-19. Calculate the highest common divisor of l and 342.
57
Let n = -25 + 71. Let t be -207*118/1593*(-23 - -2). Calculate the greatest common factor of n and t.
46
Suppose -6*u - 4*b + 448 = -3*u, -4*u - 3*b = -588. Calculate the highest common factor of 80 and u.
16
Let p(b) = b + 17. Let u be p(-13). Suppose -2*w - 87 + 25 = -3*r, -42 = -2*r + 2*w. What is the greatest common divisor of u and r?
4
Suppose 0 = 5*n - 4*t - 1327, 0 = n - t + 6*t - 248. Let i = n - 182. Let m = -6 + 15. What is the highest common divisor of m and i?
9
Suppose -4*r - y + 24 = -5*y, -5*r - 3*y + 14 = 0. Suppose r*h + 384 = -60. Let v = h + 236. Calculate the highest common factor of 25 and v.
25
Suppose g - 56 = -2*k, 35*k - 40*k = 10. Let b = 81 - 51. Calculate the highest common divisor of g and b.
30
Let r be 9*82*152/114. Calculate the highest common factor of 312 and r.
24
Let x = 124 - 89. Let b = -1384 + 1389. Calculate the greatest common factor of x and b.
5
Let c = -1510 + 2435. What is the greatest common divisor of 74 and c?
37
Suppose -2921*s = -2917*s - 3*y - 926, 5*s = -4*y + 1204. Calculate the greatest common factor of 24 and s.
4
Suppose -2*i = 10, -17*n - 8 = -19*n - 2*i. Suppose 5*u + n*u - 854 = 0. Calculate the greatest common divisor of u and 244.
61
Let f(w) = -w**2 + 3. Let x be f(3). Suppose -8 + 107 = -9*k. Let n = x - k. Calculate the highest common divisor of 5 and n.
5
Suppose -132 = 117*v - 128*v. Let j(s) = -3*s + 21. Let r be j(5). Calculate the greatest common divisor of v and r.
6
Let g(b) be the second derivative of 6*b**2 + 1/6*b**4 + 8/3*b**3 + 0 + 9*b. Let d be g(-8). What is the highest common divisor of d and 156?
12
Suppose -141 = 11*f + 24. Let n(r) = -r**3 - 11*r**2 + 60*r + 20. Let i be n(f). Calculate the greatest common divisor of i and 4.
4
Suppose 16*j = -1404 - 276. Let q = -94 - j. Let u = 1 + q. What is the greatest common divisor of 12 and u?
12
Let r = -6839 + 6857. Let g = -12 + 14. Calculate the greatest common divisor of r and g.
2
Suppose -16*g = -7*g - 54. Suppose -g = 2*p - 8. Calculate the greatest common factor of p and 32.
1
Suppose 138*i - 29896 = 61*i - 71*i. What is the greatest common factor of i and 9999?
101
Suppose -88*a = -1098 - 134. Calculate the highest common divisor of a and 2681.
7
Suppose 15 - 87 = -4*c. Suppose -6*z - 9 = -v - 3*z, 2*v - 3*z = c. Calculate the greatest common factor of v and 27.
9
Let t = -24 - -27. Let x = 2 + t. Suppose -5 = -5*f - 2*v - v, -f - x*v = -1. What is the highest common divisor of f and 4?
1
Suppose 2*f = -2*j - 2*j + 484, -3*j - 1249 = -5*f. Let d = f + -213. Calculate the highest common divisor of d and 175.
35
Let q(m) = -m**3 + 5*m**2 - 3*m + 8. Let o be q(0). Suppose o*b - 867 = 1429. What is the greatest common factor of 41 and b?
41
Let c(z) = 48*z - 1439. Let r be c(30). Let y be (-1 - 0) + (-2 - -5). What is the greatest common divisor of r and y?
1
Suppose -42*a + 1069 = 985. What is the greatest common factor of a and 12178?
2
Let q = -4741 + 6806. What is the highest common divisor of q and 245?
35
Let p(w) = w**2 + 19*w + 870. Let x be p(-42). Calculate the highest common divisor of 432 and x.
108
Suppose -4*r + 12 + 0 = 0. Suppose 3*k + 2*p = 199, -4*k + 435 = -2*p + 151. What is the greatest common factor of k and r?
3
Suppose -28*n + 629 - 571 = -1510. Calculate the highest common divisor of n and 5530.
14
Suppose -7*o + 2884 - 532 = 0. Let d = 4 + 1. Suppose d*s = -2*s + o. Calculate the greatest common divisor of s and 12.
12
Let d(a) = -183*a - 10574. Let r be d(-80). What is the greatest common divisor of 95 and r?
19
Suppose -3*i + 131 + 1297 = 4*o, 0 = 4*i - o - 1923. Suppose 28*l - i = 22*l. Calculate the highest common factor of l and 440.
40
Let i = 9198 + -9177. What is the highest common factor of i and 3381?
21
Let b = 565 - -2634. Calculate the greatest common divisor of 28 and b.
7
Suppose 25*g = 2912 - 262. What is the greatest common divisor of 689 and g?
53
Let p be (81/(-1 + 3/(-6)))/(-1*2). Calculate the highest common divisor of 453 and p.
3
Suppose -259*k + 74422 = -590172. What is the highest common factor of k and 2?
2
Let g = 83 - 101. Let s be (g/(-4))/1 - (-4)/8. Suppose 6 = d - s. Calculate the greatest common divisor of 55 and d.
11
Suppose -29 = -3*n + 475. Suppose -5*b - 498*a = -502*a - 2068, 0 = -4*a + 32. What is the highest common factor of b and n?
84
Let c(r) = -35*r**2 - 17 + r**3 + 15*r - 6*r + 3*r + 25*r**2. Let i be c(9). Suppose -199 = -i*g + 1. Calculate the greatest common divisor of 4 and g.
4
Let h = 21 - 0. Suppose -62 - 213 = -5*o. Let l = 62 - o. What is the highest common divisor of l and h?
7
Let a be 4/(-1) - (7 - 20/4). Let m(n) be the second derivative of -17*n**3/6 + 24*n**2 - 36*n. Let k be m(a). What is the highest common factor of k and 15?
15
Suppose 0 = -10*c - 15*c + 1360 + 1890. Calculate the highest common divisor of 3926 and c.
26
Let f be (-2 + 1)*-6 - -114. Suppose 5*c = f - 25. Calculate the greatest common factor of c and 304.
19
Let l be 2 + -1 + 0 - 1. Suppose -3*h + 9 = -l*h. Suppose 25*d + 390*d = 385 + 5840. What is the greatest common factor of h and d?
3
Suppose -7 = -3*g - 3*s - 1, -g - 3*s + 6 = 0. Suppose g = -15*r + 3*r + 480. Suppose -3*f + 120 = -0*f. Calculate the highest common divisor of f and r.
40
Suppose 12*k - 29260 = -7*k. Suppose -20*v - k = -30*v. Let z be (-1 + 6)*14/5. Calculate the greatest common factor of z and v.
14
Suppose 5*d = 4*m - 0*d + 44, 4*m = -d - 20. Let h be (-3)/2*(-17)/((-153)/m). Let f be 2641/190 - h/(-10). What is the highest common divisor of 35 and f?
7
Let p = -187 + 191. Suppose -3*c - 177 = p*w - 7*w, 0 = 3*w - 5*c - 185. What is the greatest common factor of w and 275?
55
Let b be -6 + 8 + -4 + 1386 - -1 - -3. What is the highest common divisor of b and 12?
4
Let x be 2*(9 + (-2157)/(-6)). Calculate the greatest common factor of x and 33.
11
Let h(d) = d + 7. Let a be h(-7). Let q be (a - (-32 - -2)) + 2. Let f be (-27)/12*q/(-24). Calculate the highest common factor of f and 24.
3
Let h be (-1)/((-1)/13) - (-202 - -198). Suppose -h*y - 17*y + 2244 = 0. What is the greatest common factor of 1122 and y?
66
Suppose -14*z + 5*n + 99 = -12*z, 0 = 3*n + 15. Calculate the greatest common divisor of 2183 and z.
37
Let k(p) = 31411*p + 31453. Let v be k(-1). Suppose -294 = -4*s + s. Calculate the greatest common factor of v and s.
14
Let u = -1366 + 1836. Calculate the greatest common divisor of 94 and u.
94
Let y(t) = 12*t + 12 + 13*t - 54 + t**3 - 18*t + 12*t**2. Let x be y(-11). Let j be 23/3 + (-1)/(-3). What is the greatest common factor of j and x?
2
Suppose -18*o + 15*o = -42. Suppose o*f - 177 = 845. What is the greatest common factor of f and 949?
73
Suppose 0 = 201*w - 210*w - 351. Let x be w/104 + 54/16. Calculate the highest common divisor of x and 7.
1
Let g = 3807 - 2629. Calculate the highest common factor of 190 and g.
38
Suppose 0*b + 7*b = 245. Suppose h + b = 27.